NOAA-Style Climate Reports


Report for 2018 January
                   Monthly Climatological Summary for Jan 2018

Name: CW9610   City: McLouth   State: KS
Elevation: 1151 ft  Lat: N 39 11 39   Lon: W 095 14 17

                  Temperature (°F), Rain (in), Wind Speed (mph)

                                      Heat  Cool        Avg
    Mean                              Deg   Deg         Wind                 Dom
Day Temp  High   Time   Low    Time   Days  Days  Rain  Speed High   Time    Dir
----------------------------------------------------------------------------------
01  -2.0   7.9  3:56PM -10.5  7:39AM  67.0   0.0  0.00   3.3  10.0  9:21AM   NNW
02   9.8  21.6  3:57PM  -3.2  3:52AM  55.2   0.0  0.00   4.3  19.0 10:25PM    SW
03  18.5  24.3  5:38AM   9.9 11:54PM  46.5   0.0  0.00   7.1  25.0  6:24AM    NW
04  13.7  25.0  2:46PM   4.0  6:49AM  51.3   0.0  0.00   1.2   6.0 10:23AM   SSE
05  18.3  27.5  3:22PM  10.5  7:07AM  46.8   0.0  0.00   5.6  16.0  9:40AM   ENE
06  20.6  30.6  3:14PM  10.3  7:34AM  44.4   0.0  0.00   5.8  21.0  9:03AM   ESE
07  35.0  38.1  6:20AM  29.5 12:00AM  30.0   0.0  0.00   3.5  16.0  3:01AM     S
08  36.6  52.1  2:47PM  25.5  7:51AM  28.4   0.1  0.01   2.6   9.0  9:00AM   WNW
09  36.9  44.2  1:15PM  29.7  3:58AM  28.1   0.0  0.00   4.4  17.0  4:12PM   SSE
10  46.2  53.8  7:08PM  37.5  2:40AM  18.8   1.1  0.00   9.9  26.0  7:55PM     S
11  23.3  49.3 12:04AM  10.2 11:56PM  41.7   0.0  0.16  11.7  31.0  7:20AM    NW
12   9.9  14.9  1:27PM   4.4  7:37AM  55.1   0.0  0.00   9.5  20.0 12:32AM   NNW
13  14.7  18.9  3:41PM  10.4  6:32AM  50.4   0.0  0.01   3.6  18.0  2:34AM     N
14  23.6  33.2 11:58PM  15.9  3:07AM  41.5   0.0  0.00   4.1  16.0  1:06PM     S
15  11.2  33.5 12:11AM  -0.7 11:58PM  53.9   0.0  0.00  11.3  27.0  4:12AM    NW
16   2.1   9.6  4:15PM  -4.6  5:45AM  62.4   0.0  0.00   5.0  18.0 10:24AM    NW
17  12.7  24.8  2:48PM   0.7  4:46AM  52.3   0.0  0.00   4.8  16.0  2:18PM    SW
18  28.2  39.8  3:13PM  16.5  6:43AM  36.8   0.0  0.01   6.6  19.0 11:02AM   SSW
19  38.3  46.0  2:26PM  30.3  7:45AM  26.6   0.0  0.02   7.2  19.0 12:43PM   SSW
20  45.4  50.7  4:06PM  40.6  3:19AM  19.6   0.0  0.00   4.5  17.0 12:14AM     S
21  52.3  62.2  4:23PM  40.5 12:42AM  12.7   3.9  0.08   3.3  22.0  1:46PM     S
----------------------------------------------------------------------------------
    23.6  62.2    21   -10.5     1   869.5   5.1  0.29   5.7  31.0    11     WSW

Max >=  80.0  0
Max <=  90.0 21
Min <=  32.0 18
Min <=  10.0  8
Max Rain: 0.16 on day 11
Days of Rain: 0 (>= 0.20 in)  0 (>= 2.00 in)  0 (>= 20.00 in)
Heat Base: 65.0  Cool Base: 50.0  Method: Integration